 the first derivative of -w**4/4 + 14*w**3/3 - 5*w**2 + 19*w + 21. What is the tens digit of n(13)?
5
Let r be (24/20)/((-3)/165). Let j be (r/(-18))/((-2)/(-18)). Let q = j + -17. What is the tens digit of q?
1
Suppose -2*v - 6 + 12 = 0. Let x(o) be the second derivative of o**5/10 - o**4/3 + o**3/3 - 2*o**2 - o. What is the units digit of x(v)?
0
Suppose -5*w = 4*t + 1292, 3*t + 260 = 5*w - 744. Let z = t - -472. What is the tens digit of z?
4
Let v = -47 - -94. Let g = v - 37. Suppose 9*h + 3 = g*h. What is the units digit of h?
3
Suppose -5*n - 1153 = -4*x, -3*x = 2*n - 418 - 441. What is the units digit of x?
7
Let w be (30/18 + -1)/(4/(-66)). Let n be (-2 - (-8)/6)*3. Let g = n - w. What is the units digit of g?
9
Suppose 4 = 5*a - 16. Suppose -10*w = -48 - 2. Suppose -197 = -w*g + 4*j, -4*g + 139 = -a*j - 21. What is the tens digit of g?
3
Suppose a - 3893 = -4*q, -4*a = -0*q - 3*q + 2896. What is the hundreds digit of q?
9
Let c be -2*-2*(-21)/(-12). Let y = 49 - c. What is the tens digit of y?
4
Let f(u) be the first derivative of u**4/4 - 4*u**3/3 + u**2/2 - 4*u + 5. Let q be f(5). Let k = q + -10. What is the units digit of k?
6
Let r(t) = 807*t**2 - 10*t - 9. What is the units digit of r(-1)?
8
Let p(w) = -w**3 + 3*w**2 - w. Let q be p(2). Let t(z) = -4*z + 2*z + 4 + z**3 + z - z**q + 1. What is the units digit of t(0)?
5
Suppose 13443 = 21*a - 12471. What is the hundreds digit of a?
2
What is the hundreds digit of ((-15)/(-1))/(4 - (-2283)/(-573))?
9
Suppose -3*g + 21 = q - 28, -5*g + 83 = 3*q. Suppose 4*c = g, -x + 98 = -6*c + c. What is the units digit of x?
8
Suppose 4*p + 1249 = -12*q + 17*q, 0 = 3*q - 2*p - 749. What is the units digit of q?
9
Suppose 0 = 12*m - 24038 - 11794. What is the units digit of m?
6
Let p = -9 - -13. Suppose a = 4*y + 1, -y + 3*a = p + 10. What is the units digit of 18/(-1)*y/(-3)?
6
Let j = -60 + 93. Let x be 5 + (-60)/(-3) + -6 + -6. Suppose 2*r - j = x. What is the tens digit of r?
2
Suppose -2*p + 8 = -2. Suppose -p*r - 5*w + 70 = 0, 4*r - 4*w - 15 = 57. What is the tens digit of r?
1
Let y = 333 - -171. What is the hundreds digit of y?
5
What is the units digit of 45951/102 + (-1)/2?
0
Let v(t) = -5*t - 1. Let i(p) = 16*p + 2. Let n be -3*(-4)/12 - 21. Let d(u) = n*v(u) - 6*i(u). What is the tens digit of d(10)?
4
Suppose -38*u + 48*u - 1350 = 0. What is the units digit of u?
5
What is the thousands digit of 9/(-30)*4 - (-40984)/20?
2
Let z(t) = t**2 - 40*t + 122. What is the tens digit of z(38)?
4
Let h(x) = -15*x**2 - 2*x + 2. Let t be h(1). Let u = t - -84. What is the tens digit of u?
6
Let l(d) = 5*d**3 - 10*d**2 + 10*d - 7. Let h(r) = -r**3 + r**2 + r. Let a(q) = 3*h(q) + l(q). What is the hundreds digit of a(6)?
2
Let u = 663 + -254. What is the hundreds digit of u?
4
Let q be -1*2 - (28 - 0). Suppose -s = s - 100. Let j = q + s. What is the units digit of j?
0
What is the hundreds digit of 6/4 + 2/(20/6965)?
6
Let s = -32 + -28. Let q = s + 160. What is the units digit of q?
0
Suppose 8*b = -169 + 49. What is the units digit of -17 + 15 + b*4/(-2)?
8
Let u(q) = -3*q - 2*q - 13*q - 17 + 6. Let l be u(-5). Let z = l + -42. What is the tens digit of z?
3
Suppose 2*r + 5*t - 75 = 0, 4*r = -4*t - t + 175. Let z = 13 - -5. Let n = r - z. What is the tens digit of n?
3
Suppose -4*s - 9 + 25 = 0. Suppose 0 = -5*n + m + 614, 619 = 5*n - 0*m + s*m. What is the units digit of n?
3
Suppose -w - 3*k - 15 = -2*w, k = -4*w - 5. What is the hundreds digit of (-285)/30*(w - 1)*14?
1
Let n = -9 - -14. Suppose 5*s - 50 = -w, 0 = -w - w + n*s + 160. Suppose 0*j = -2*r + 3*j + w, 5*j = 0. What is the units digit of r?
5
Let v(i) = i**3 + i**2 - i + 4. Let w be v(0). Let h(m) = -m**2 + 11*m - 6. Let f be h(6). Suppose f = -3*r + w*r. What is the units digit of r?
4
Let n(a) = 3*a + 4. Let c be n(-4). Let z(v) = -10*v - 17. What is the units digit of z(c)?
3
Suppose -5*g + 11*g = 5430. What is the hundreds digit of g?
9
Let y(d) = -2*d**2 + 128*d. What is the tens digit of y(18)?
5
Suppose 5*s + 7 + 3 = 0, 0 = 3*v + 2*s + 4. What is the tens digit of (6/(-9) + v)/((-2)/213)?
7
Let a be 2/6*(-11 - -5). Let f = 2 - a. What is the units digit of f*(-2 - 33/(-4))?
5
Let g(u) = u**3 - 2*u**2 - 3*u + 10. Let b be g(3). Suppose 4*k - 5*f = 376, -2*f + b - 2 = 0. What is the tens digit of k?
9
Suppose -6 = -4*j + 6. Suppose -j*n - 388 = -7*n. Suppose 48 + n = 5*k. What is the tens digit of k?
2
Let p be 2 + 2*15/(-6). Let d be p/((-36)/4)*-39. Let a = 15 - d. What is the units digit of a?
8
Let c = -371 - -704. Suppose -5*d + c = 4*d. What is the tens digit of d?
3
Let h be 1239/6 + (-1)/(-2). Let z = h - 102. What is the units digit of ((-8)/(-6))/(14/z)?
0
What is the tens digit of (2/2 - -167) + 1?
6
Let o = 1253 + -740. What is the tens digit of o?
1
Let s be 8/((-8)/263)*(5 + -6). Let l be (20/(-6))/(-2)*159. Suppose -4*b = -m - s, 3*b = -5*m + l - 85. What is the tens digit of b?
6
Let n = 50 - 65. Suppose 3*k - 86 = -4*t + 5, 0 = 2*t + 3*k - 47. Let f = n + t. What is the units digit of f?
7
Suppose 61 = b - 60. Let t = b - 18. What is the units digit of t?
3
Suppose 0*x + l - 750 = -4*x, 5*x + 5*l - 930 = 0. Let w = -99 + x. What is the units digit of w?
9
Let j = 988 - 980. What is the units digit of j?
8
What is the tens digit of 36/30 + -2 - (-35140)/50?
0
Let f be ((-15)/(-4))/((-42)/(-112)). Suppose -f = -2*p + 4. Suppose -v + p*z = 4*z - 44, 5*z = 3*v - 128. What is the tens digit of v?
4
Let m be ((-8)/20)/(3/45). What is the units digit of (m/(-4) - (-2)/4)/2?
1
Suppose 7*a + 3 = 6*a, 0 = j + a - 199. What is the units digit of j?
2
Let t(q) be the first derivative of -q**3/3 - 13*q**2/2 - 6*q - 1. What is the tens digit of t(-5)?
3
Let h be -5 + -1 + 3 + 12. Suppose 11 = w + 4*d, -2*d + 5*d = 5*w - h. Suppose -4*y - 25 = -w*v - 77, -2*y = 4*v - 4. What is the units digit of y?
0
Let h = 197 - 109. Let q be 5/(-2)*752/40. Let f = h + q. What is the tens digit of f?
4
Let d = -34 - -70. Let m = -23 + d. What is the tens digit of m?
1
Let t(k) = -8*k**3 - 3*k**2 - 6*k + 11. What is the hundreds digit of t(-7)?
6
Suppose -5*u = -2*c - 1286, 318 = u - 5*c + 70. Suppose -4*i = s - u, 0 = -2*i + i - 5*s + 74. What is the units digit of i?
4
What is the units digit of (-63)/42*(3 + -2149)?
9
Let q(p) = 2*p**3 - 11*p**2 - 7*p + 12. Let o(m) = m**3 - m. Let y(b) = -3*o(b) + q(b). What is the units digit of y(-11)?
6
Let f be 10*((-1)/(-2) - (-28)/40). What is the tens digit of -5 + 466/f + 2/12?
3
Let o(s) = -s**3 + 6*s**2 + 6*s + 7. Suppose 5*y = y - 3*r + 9, -y - 2*r - 4 = 0. What is the tens digit of o(y)?
4
Let u(n) = -n**3 - 3*n**2 - n + 4. Let o be u(-3). Let f be 3/6 + o/2. Suppose 0 = -3*l + 2*y + 6, -4*l + f*y + 2 = -3*l. What is the units digit of l?
2
Let b(m) be the second derivative of -5*m**3/6 + 11*m**2/2 - 2*m. What is the units digit of b(-8)?
1
Let t be (-1)/((-368)/(-122) + -3). Let k = 128 + t. What is the tens digit of k?
6
Suppose 2*w - 71 = 37. What is the tens digit of w?
5
Let y(r) = 10*r - 12. Suppose -3*w - 7 = -5*x, -3*w + 4*x = 1 + 1. Let t be (w/(-9))/(2/(-15)). What is the tens digit of y(t)?
3
Suppose -q = 5*b + q + 96, -b - q - 21 = 0. What is the units digit of 9/(-1 - b/15)?
5
Let o = 18 + -21. What is the units digit of (11 - 7) + (o - -4)?
5
What is the tens digit of ((-6)/(-5))/(21/5110)?
9
Let q be 1*(3 - (-3 - -1)). Let f(k) = k**3 + k**2 + 10*k - 2. What is the tens digit of f(q)?
9
Let t = 19 - 15. Suppose -3*d - t*d + 182 = 0. What is the units digit of d?
6
Let d(o) = 63*o**2 - 2*o - 1. Let z be d(3). Suppose -k - z = -8*k. What is the tens digit of k?
8
Let y = 491 - -403. What is the units digit of y?
4
Suppose 30*c - 35*c = -50. What is the units digit of c?
0
Suppose 0 = 2*h + 4*f - 9272, -2*h + 14*f - 11*f = -9251. What is the hundreds digit of h?
6
Let q(l) be the third derivative of -l**6/120 + l**4/12 + l**2. Let s be q(-4). Suppose -2*r - r = -2*n + s, -2*n + 58 = -4*r. What is the tens digit of n?
2
Let l be (1 - 15/18) + (-117)/54. What is the tens digit of ((-16)/(-12))/((-499)/(-249) + l)?
3
Let h(w) = 15*w**2 + 4*w + 1. What is the units digit of h(3)?
8
Let r = 1459 - -717. What is the hundreds digit of r?
1
Suppose 0 = -4*h - 4*k + 2772, 0*h - 2*h